{"id":3666,"date":"2021-11-05T13:42:39","date_gmt":"2021-11-05T17:42:39","guid":{"rendered":"https:\/\/cje-ndg.com\/?post_type=mec-events&#038;p=3666"},"modified":"2021-11-23T10:23:00","modified_gmt":"2021-11-23T15:23:00","slug":"foire-de-lemploi-job-fair-evenement","status":"publish","type":"mec-events","link":"https:\/\/cje-ndg.com\/en\/events\/foire-de-lemploi-job-fair-evenement\/","title":{"rendered":"Foire de l&#8217;emploi &#8211; Job Fair &#8211; \u00c9v\u00e8nement"},"content":{"rendered":"<p><strong>A virtual job fair not to be missed!!!<\/strong><\/p>\n<p><span style=\"font-weight: 400;\">Le Carrefour jeunesse emploi Notre-Dame-de-Gr\u00e2ce est fier d\u2019annoncer la Foire de l\u2019emploi annuelle qui se tiendra le 10 novembre 2021. L&#8217;\u00e9v\u00e9nement prendra place en deux langues; assurez-vous de reserver le billet avec votre langue de pr\u00e9f\u00e9rence.<br \/>\n<\/span><\/p>\n<p><span style=\"font-weight: 400;\">La Foire d\u2019emploi est un grand rassemblement destin\u00e9 \u00e0 mettre en contact les chercheurs d\u2019emploi avec les employeurs qui souhaitent combler leurs besoins en termes de main-d&#8217;\u0153uvre.<\/span><\/p>\n<p><span style=\"font-weight: 400;\">Don't miss this special opportunity to quickly join the job market in this post-pandemic time.<br \/>\n<\/span><\/p>\n<p><span style=\"font-weight: 400;\">The event will be in virtual mode.<\/span><\/p>\n<p><span style=\"font-weight: 400;\">\u00c9galement, avant l&#8217;\u00e9v\u00e9nement, nous offrons nos services en mode hybrides aux chercheurs d\u2019emploi pour la r\u00e9daction de CV, lettre de motivation et pr\u00e9paration \u00e0 l\u2019entrevue. Venez nous rencontrer et vous pr\u00e9parer &#8211; en ligne ou en personne!\u00a0<\/span><\/p>\n<p><span style=\"font-weight: 400;\"><strong>Pour fixer un rendez-vous pr\u00e9paratoire \u00e0 l&#8217;\u00e9v\u00e9nement, veuillez contacter:<\/strong><br \/>\n<\/span><span style=\"font-weight: 400;\">Elena Ciss\u00e9, Conseill\u00e8re en developpement de carri\u00e8re: <a href=\"tel:514-482-6665\">514-482-6665<\/a>, ext. 216<br \/>\n<\/span><span style=\"font-weight: 400;\">Ronald Becerra, Conseiller en developpement de carri\u00e8re: <a href=\"tel:514-482-6665\">514-482-6665<\/a>, ext. 200<\/span><\/p>","protected":false},"excerpt":{"rendered":"<p>Venez rencontrer divers employeurs du quartier lors de notre prochain \u00e9v\u00e9nement de Foire de l&#8217;emploi.<\/p>","protected":false},"author":1,"featured_media":3684,"comment_status":"open","ping_status":"closed","template":"","tags":[],"mec_category":[73,55],"class_list":["post-3666","mec-events","type-mec-events","status-publish","has-post-thumbnail","hentry","mec_category-evenement","mec_category-visioconference"],"acf":[],"meta_box":[],"_links":{"self":[{"href":"https:\/\/cje-ndg.com\/en\/wp-json\/wp\/v2\/mec-events\/3666","targetHints":{"allow":["GET"]}}],"collection":[{"href":"https:\/\/cje-ndg.com\/en\/wp-json\/wp\/v2\/mec-events"}],"about":[{"href":"https:\/\/cje-ndg.com\/en\/wp-json\/wp\/v2\/types\/mec-events"}],"author":[{"embeddable":true,"href":"https:\/\/cje-ndg.com\/en\/wp-json\/wp\/v2\/users\/1"}],"replies":[{"embeddable":true,"href":"https:\/\/cje-ndg.com\/en\/wp-json\/wp\/v2\/comments?post=3666"}],"wp:featuredmedia":[{"embeddable":true,"href":"https:\/\/cje-ndg.com\/en\/wp-json\/wp\/v2\/media\/3684"}],"wp:attachment":[{"href":"https:\/\/cje-ndg.com\/en\/wp-json\/wp\/v2\/media?parent=3666"}],"wp:term":[{"taxonomy":"post_tag","embeddable":true,"href":"https:\/\/cje-ndg.com\/en\/wp-json\/wp\/v2\/tags?post=3666"},{"taxonomy":"mec_category","embeddable":true,"href":"https:\/\/cje-ndg.com\/en\/wp-json\/wp\/v2\/mec_category?post=3666"}],"curies":[{"name":"wp","href":"https:\/\/api.w.org\/{rel}","templated":true}]}}

Foire de l&#8217;emploi &#8211; Job Fair &#8211; Évènement

<p><strong>A virtual job fair not to be missed!!!</strong></p>
<p><span style="font-weight: 400;">Le Carrefour jeunesse emploi Notre-Dame-de-Grâce est fier d’annoncer la Foire de l’emploi annuelle qui se tiendra le 10 novembre 2021. L&#8217;événement prendra place en deux langues; assurez-vous de reserver le billet avec votre langue de préférence.<br />
</span></p>
<p><span style="font-weight: 400;">La Foire d’emploi est un grand rassemblement destiné à mettre en contact les chercheurs d’emploi avec les employeurs qui souhaitent combler leurs besoins en termes de main-d&#8217;œuvre.</span></p>
<p><span style="font-weight: 400;">Don't miss this special opportunity to quickly join the job market in this post-pandemic time.<br />
</span></p>
<p><span style="font-weight: 400;">The event will be in virtual mode.</span></p>
<p><span style="font-weight: 400;">Également, avant l&#8217;événement, nous offrons nos services en mode hybrides aux chercheurs d’emploi pour la rédaction de CV, lettre de motivation et préparation à l’entrevue. Venez nous rencontrer et vous préparer &#8211; en ligne ou en personne! </span></p>
<p><span style="font-weight: 400;"><strong>Pour fixer un rendez-vous préparatoire à l&#8217;événement, veuillez contacter:</strong><br />
</span><span style="font-weight: 400;">Elena Cissé, Conseillère en developpement de carrière: <a href="tel:514-482-6665">514-482-6665</a>, ext. 216<br />
</span><span style="font-weight: 400;">Ronald Becerra, Conseiller en developpement de carrière: <a href="tel:514-482-6665">514-482-6665</a>, ext. 200</span></p>

<p>Venez rencontrer divers employeurs du quartier lors de notre prochain événement de Foire de l&#8217;emploi.</p>
