{"id":4245,"date":"2022-04-27T11:24:37","date_gmt":"2022-04-27T15:24:37","guid":{"rendered":"https:\/\/cje-ndg.com\/?post_type=mec-events&#038;p=4245"},"modified":"2022-05-25T09:42:00","modified_gmt":"2022-05-25T13:42:00","slug":"groupe-de-soutien-gratuit-pour-immigrants-2eme-cohorte","status":"publish","type":"mec-events","link":"https:\/\/cje-ndg.com\/en\/events\/groupe-de-soutien-gratuit-pour-immigrants-2eme-cohorte\/","title":{"rendered":"Groupe de soutien gratuit pour Immigrants (2\u00e8me cohorte)"},"content":{"rendered":"<p>Vous \u00eates immigrant et vous vous sentez seul, frustr\u00e9, d\u00e9courag\u00e9 ?<\/p>\n<p>Vous n&#8217;avez personne avec qui partager vos difficult\u00e9s professionnelles?<\/p>\n<p>Nous avons une solution pour vous!<\/p>\n<p>Peu importe votre niveau de fran\u00e7ais, nous vous invitons \u00e0 nos <strong>4 s\u00e9ances de groupe gratuites<\/strong>.<\/p>\n<p>Si vous \u00eates int\u00e9ress\u00e9, joignez-vous \u00e0 nous pour\u00a0:<\/p>\n<ul>\n<li><span style=\"font-size: 12pt; font-family: Georgia, Palatino;\">discuter de vos exp\u00e9riences de travail au Canada<\/span><\/li>\n<li><span style=\"font-size: 12pt; font-family: Georgia, Palatino;\">d\u00e9velopper un r\u00e9seau de soutien<\/span><\/li>\n<li><span style=\"font-size: 12pt; font-family: Georgia, Palatino;\">recevoir des ressources pour l\u2019int\u00e9gration en emploi<\/span><\/li>\n<li><span style=\"font-size: 12pt; font-family: Georgia, Palatino;\">en conna\u00eetre davantage sur les r\u00e9alit\u00e9s du march\u00e9 du travail<\/span><\/li>\n<li><span style=\"font-size: 12pt; font-family: Georgia, Palatino;\">pr\u00e9ciser vos projets professionnels<\/span><\/li>\n<\/ul>\n<p><strong>QUAND<\/strong>: mercredi de 10h \u00e0 12h (11, 18, 25 mai et 1 juin).<\/p>\n<p><strong>O\u00d9<\/strong>: En pr\u00e9sence au Carrefour jeunesse emploi &#8211; Notre-Dame-de-Gr\u00e2ce (6370 Rue Sherbrooke O, Montr\u00e9al, QC H4B 1M9)<\/p>\n<p><strong>POUR QUI<\/strong>: Personnes immigrantes adultes<\/p>\n<p>Anim\u00e9 par <strong>Irina Caraus<\/strong>, conseill\u00e8re en d\u00e9veloppement de carri\u00e8re.<\/p>\n<p><span class=\"LrzXr\">\u00a0<\/span><\/p>","protected":false},"excerpt":{"rendered":"<p>Vous \u00eates immigrant et vous vous sentez seul, frustr\u00e9, d\u00e9courag\u00e9 ? Vous n&#8217;avez personne avec qui partager vos difficult\u00e9s professionnelles? Nous avons une solution pour vous! Peu importe votre niveau [&hellip;]<\/p>\n","protected":false},"author":43,"featured_media":4246,"comment_status":"open","ping_status":"closed","template":"","tags":[87,155,154,104,86],"mec_category":[73],"class_list":["post-4245","mec-events","type-mec-events","status-publish","has-post-thumbnail","hentry","tag-carrefour-jeunesse-emploi-notre-dame-de-grace","tag-developper-un-reseau-de-soutien","tag-immigrants","tag-lintegration-en-emploi","tag-travail-au-canada","mec_category-evenement"],"acf":[],"meta_box":[],"_links":{"self":[{"href":"https:\/\/cje-ndg.com\/en\/wp-json\/wp\/v2\/mec-events\/4245","targetHints":{"allow":["GET"]}}],"collection":[{"href":"https:\/\/cje-ndg.com\/en\/wp-json\/wp\/v2\/mec-events"}],"about":[{"href":"https:\/\/cje-ndg.com\/en\/wp-json\/wp\/v2\/types\/mec-events"}],"author":[{"embeddable":true,"href":"https:\/\/cje-ndg.com\/en\/wp-json\/wp\/v2\/users\/43"}],"replies":[{"embeddable":true,"href":"https:\/\/cje-ndg.com\/en\/wp-json\/wp\/v2\/comments?post=4245"}],"wp:featuredmedia":[{"embeddable":true,"href":"https:\/\/cje-ndg.com\/en\/wp-json\/wp\/v2\/media\/4246"}],"wp:attachment":[{"href":"https:\/\/cje-ndg.com\/en\/wp-json\/wp\/v2\/media?parent=4245"}],"wp:term":[{"taxonomy":"post_tag","embeddable":true,"href":"https:\/\/cje-ndg.com\/en\/wp-json\/wp\/v2\/tags?post=4245"},{"taxonomy":"mec_category","embeddable":true,"href":"https:\/\/cje-ndg.com\/en\/wp-json\/wp\/v2\/mec_category?post=4245"}],"curies":[{"name":"wp","href":"https:\/\/api.w.org\/{rel}","templated":true}]}}

Groupe de soutien gratuit pour Immigrants (2ème cohorte)

<p>Vous êtes immigrant et vous vous sentez seul, frustré, découragé ?</p>
<p>Vous n&#8217;avez personne avec qui partager vos difficultés professionnelles?</p>
<p>Nous avons une solution pour vous!</p>
<p>Peu importe votre niveau de français, nous vous invitons à nos <strong>4 séances de groupe gratuites</strong>.</p>
<p>Si vous êtes intéressé, joignez-vous à nous pour :</p>
<ul>
<li><span style="font-size: 12pt; font-family: Georgia, Palatino;">discuter de vos expériences de travail au Canada</span></li>
<li><span style="font-size: 12pt; font-family: Georgia, Palatino;">développer un réseau de soutien</span></li>
<li><span style="font-size: 12pt; font-family: Georgia, Palatino;">recevoir des ressources pour l’intégration en emploi</span></li>
<li><span style="font-size: 12pt; font-family: Georgia, Palatino;">en connaître davantage sur les réalités du marché du travail</span></li>
<li><span style="font-size: 12pt; font-family: Georgia, Palatino;">préciser vos projets professionnels</span></li>
</ul>
<p><strong>QUAND</strong>: mercredi de 10h à 12h (11, 18, 25 mai et 1 juin).</p>
<p><strong>OÙ</strong>: En présence au Carrefour jeunesse emploi &#8211; Notre-Dame-de-Grâce (6370 Rue Sherbrooke O, Montréal, QC H4B 1M9)</p>
<p><strong>POUR QUI</strong>: Personnes immigrantes adultes</p>
<p>Animé par <strong>Irina Caraus</strong>, conseillère en développement de carrière.</p>
<p><span class="LrzXr"> </span></p>

<p>Vous êtes immigrant et vous vous sentez seul, frustré, découragé ? Vous n&#8217;avez personne avec qui partager vos difficultés professionnelles? Nous avons une solution pour vous! Peu importe votre niveau [&hellip;]</p>
