{"id":4981,"date":"2022-09-27T17:19:13","date_gmt":"2022-09-27T21:19:13","guid":{"rendered":"https:\/\/cje-ndg.com\/?post_type=mec-events&#038;p=4981"},"modified":"2022-11-08T14:51:17","modified_gmt":"2022-11-08T19:51:17","slug":"je-mintegre-en-francais","status":"publish","type":"mec-events","link":"https:\/\/cje-ndg.com\/fr\/events\/je-mintegre-en-francais\/","title":{"rendered":"Je m&#8217;int\u00e8gre en fran\u00e7ais"},"content":{"rendered":"<h1><img loading=\"lazy\" decoding=\"async\" class=\"wp-image-5049 alignleft\" src=\"https:\/\/cje-ndg.com\/wp-content\/uploads\/2022\/09\/Carrefour-jeunesse-emploi-Notre-Dame-de-Grace2-225x300.jpg\" alt=\"\" width=\"252\" height=\"336\" srcset=\"https:\/\/cje-ndg.com\/wp-content\/uploads\/2022\/09\/Carrefour-jeunesse-emploi-Notre-Dame-de-Grace2-225x300.jpg 225w, https:\/\/cje-ndg.com\/wp-content\/uploads\/2022\/09\/Carrefour-jeunesse-emploi-Notre-Dame-de-Grace2-768x1024.jpg 768w, https:\/\/cje-ndg.com\/wp-content\/uploads\/2022\/09\/Carrefour-jeunesse-emploi-Notre-Dame-de-Grace2-300x400.jpg 300w, https:\/\/cje-ndg.com\/wp-content\/uploads\/2022\/09\/Carrefour-jeunesse-emploi-Notre-Dame-de-Grace2-1152x1536.jpg 1152w, https:\/\/cje-ndg.com\/wp-content\/uploads\/2022\/09\/Carrefour-jeunesse-emploi-Notre-Dame-de-Grace2-1536x2048.jpg 1536w, https:\/\/cje-ndg.com\/wp-content\/uploads\/2022\/09\/Carrefour-jeunesse-emploi-Notre-Dame-de-Grace2-9x12.jpg 9w, https:\/\/cje-ndg.com\/wp-content\/uploads\/2022\/09\/Carrefour-jeunesse-emploi-Notre-Dame-de-Grace2-480x640.jpg 480w, https:\/\/cje-ndg.com\/wp-content\/uploads\/2022\/09\/Carrefour-jeunesse-emploi-Notre-Dame-de-Grace2-640x853.jpg 640w, https:\/\/cje-ndg.com\/wp-content\/uploads\/2022\/09\/Carrefour-jeunesse-emploi-Notre-Dame-de-Grace2-720x960.jpg 720w, https:\/\/cje-ndg.com\/wp-content\/uploads\/2022\/09\/Carrefour-jeunesse-emploi-Notre-Dame-de-Grace2-960x1280.jpg 960w, https:\/\/cje-ndg.com\/wp-content\/uploads\/2022\/09\/Carrefour-jeunesse-emploi-Notre-Dame-de-Grace2-1168x1557.jpg 1168w, https:\/\/cje-ndg.com\/wp-content\/uploads\/2022\/09\/Carrefour-jeunesse-emploi-Notre-Dame-de-Grace2-1440x1920.jpg 1440w, https:\/\/cje-ndg.com\/wp-content\/uploads\/2022\/09\/Carrefour-jeunesse-emploi-Notre-Dame-de-Grace2-1320x1760.jpg 1320w, https:\/\/cje-ndg.com\/wp-content\/uploads\/2022\/09\/Carrefour-jeunesse-emploi-Notre-Dame-de-Grace2.jpg 1728w\" sizes=\"auto, (max-width: 252px) 100vw, 252px\" \/><\/h1>\n<h1>Je m\u2019int\u00e8gre en fran\u00e7ais<\/h1>\n<h4><strong>Ateliers de pratique du fran\u00e7ais<\/strong><\/h4>\n<p>Rencontres en petit groupe pour les nouveaux arrivants et les anglophones d\u00e9sirant se perfectionner en fran\u00e7ais afin de faciliter leur int\u00e9gration<br \/>\nsocioprofessionnelle.<\/p>\n<p><strong>Admissibilit\u00e9<\/strong> : niveau interm\u00e9diaire en fran\u00e7ais ou niveau avanc\u00e9<\/p>\n<p><strong>Dur\u00e9e\u00a0<\/strong>: huit semaines d\u00e9butant en novembre, deux fois par semaine, le jour<\/p>\n<p><strong>Date limite d\u2019inscription\u00a0:<\/strong> 11 novembre 2022<\/p>\n<p>Pour informations\u00a0:<br \/>\ninfo@cje-ndg.com<br \/>\n514 482-6665<\/p>\n","protected":false},"excerpt":{"rendered":"<p>Je m\u2019int\u00e8gre en fran\u00e7ais Ateliers de pratique du fran\u00e7ais Rencontres en petit groupe pour les nouveaux arrivants et les anglophones d\u00e9sirant se perfectionner en fran\u00e7ais afin de faciliter leur int\u00e9gration [&hellip;]<\/p>\n","protected":false},"author":43,"featured_media":0,"comment_status":"open","ping_status":"closed","template":"","tags":[],"mec_category":[73],"class_list":["post-4981","mec-events","type-mec-events","status-publish","hentry","mec_category-evenement"],"acf":[],"meta_box":[],"_links":{"self":[{"href":"https:\/\/cje-ndg.com\/fr\/wp-json\/wp\/v2\/mec-events\/4981","targetHints":{"allow":["GET"]}}],"collection":[{"href":"https:\/\/cje-ndg.com\/fr\/wp-json\/wp\/v2\/mec-events"}],"about":[{"href":"https:\/\/cje-ndg.com\/fr\/wp-json\/wp\/v2\/types\/mec-events"}],"author":[{"embeddable":true,"href":"https:\/\/cje-ndg.com\/fr\/wp-json\/wp\/v2\/users\/43"}],"replies":[{"embeddable":true,"href":"https:\/\/cje-ndg.com\/fr\/wp-json\/wp\/v2\/comments?post=4981"}],"wp:attachment":[{"href":"https:\/\/cje-ndg.com\/fr\/wp-json\/wp\/v2\/media?parent=4981"}],"wp:term":[{"taxonomy":"post_tag","embeddable":true,"href":"https:\/\/cje-ndg.com\/fr\/wp-json\/wp\/v2\/tags?post=4981"},{"taxonomy":"mec_category","embeddable":true,"href":"https:\/\/cje-ndg.com\/fr\/wp-json\/wp\/v2\/mec_category?post=4981"}],"curies":[{"name":"wp","href":"https:\/\/api.w.org\/{rel}","templated":true}]}}

Je m&#8217;intègre en français

<h1><img loading="lazy" decoding="async" class="wp-image-5049 alignleft" src="https://cje-ndg.com/wp-content/uploads/2022/09/Carrefour-jeunesse-emploi-Notre-Dame-de-Grace2-225x300.jpg" alt="" width="252" height="336" srcset="https://cje-ndg.com/wp-content/uploads/2022/09/Carrefour-jeunesse-emploi-Notre-Dame-de-Grace2-225x300.jpg 225w, https://cje-ndg.com/wp-content/uploads/2022/09/Carrefour-jeunesse-emploi-Notre-Dame-de-Grace2-768x1024.jpg 768w, https://cje-ndg.com/wp-content/uploads/2022/09/Carrefour-jeunesse-emploi-Notre-Dame-de-Grace2-300x400.jpg 300w, https://cje-ndg.com/wp-content/uploads/2022/09/Carrefour-jeunesse-emploi-Notre-Dame-de-Grace2-1152x1536.jpg 1152w, https://cje-ndg.com/wp-content/uploads/2022/09/Carrefour-jeunesse-emploi-Notre-Dame-de-Grace2-1536x2048.jpg 1536w, https://cje-ndg.com/wp-content/uploads/2022/09/Carrefour-jeunesse-emploi-Notre-Dame-de-Grace2-9x12.jpg 9w, https://cje-ndg.com/wp-content/uploads/2022/09/Carrefour-jeunesse-emploi-Notre-Dame-de-Grace2-480x640.jpg 480w, https://cje-ndg.com/wp-content/uploads/2022/09/Carrefour-jeunesse-emploi-Notre-Dame-de-Grace2-640x853.jpg 640w, https://cje-ndg.com/wp-content/uploads/2022/09/Carrefour-jeunesse-emploi-Notre-Dame-de-Grace2-720x960.jpg 720w, https://cje-ndg.com/wp-content/uploads/2022/09/Carrefour-jeunesse-emploi-Notre-Dame-de-Grace2-960x1280.jpg 960w, https://cje-ndg.com/wp-content/uploads/2022/09/Carrefour-jeunesse-emploi-Notre-Dame-de-Grace2-1168x1557.jpg 1168w, https://cje-ndg.com/wp-content/uploads/2022/09/Carrefour-jeunesse-emploi-Notre-Dame-de-Grace2-1440x1920.jpg 1440w, https://cje-ndg.com/wp-content/uploads/2022/09/Carrefour-jeunesse-emploi-Notre-Dame-de-Grace2-1320x1760.jpg 1320w, https://cje-ndg.com/wp-content/uploads/2022/09/Carrefour-jeunesse-emploi-Notre-Dame-de-Grace2.jpg 1728w" sizes="auto, (max-width: 252px) 100vw, 252px" /></h1>
<h1>Je m’intègre en français</h1>
<h4><strong>Ateliers de pratique du français</strong></h4>
<p>Rencontres en petit groupe pour les nouveaux arrivants et les anglophones désirant se perfectionner en français afin de faciliter leur intégration<br />
socioprofessionnelle.</p>
<p><strong>Admissibilité</strong> : niveau intermédiaire en français ou niveau avancé</p>
<p><strong>Durée </strong>: huit semaines débutant en novembre, deux fois par semaine, le jour</p>
<p><strong>Date limite d’inscription :</strong> 11 novembre 2022</p>
<p>Pour informations :<br />
info@cje-ndg.com<br />
514 482-6665</p>

<p>Je m’intègre en français Ateliers de pratique du français Rencontres en petit groupe pour les nouveaux arrivants et les anglophones désirant se perfectionner en français afin de faciliter leur intégration [&hellip;]</p>
