{"id":6196,"date":"2023-09-28T12:01:09","date_gmt":"2023-09-28T16:01:09","guid":{"rendered":"https:\/\/cje-ndg.com\/?post_type=mec-events&#038;p=6196"},"modified":"2023-12-07T13:23:40","modified_gmt":"2023-12-07T18:23:40","slug":"je-mintegre-en-francais-2","status":"publish","type":"mec-events","link":"https:\/\/cje-ndg.com\/fr\/events\/je-mintegre-en-francais-2\/","title":{"rendered":"Je m&#8217;int\u00e8gre en fran\u00e7ais"},"content":{"rendered":"<h4><strong>Ateliers de pratique du fran\u00e7ais<\/strong><\/h4>\n<p>Rencontres en petit groupe pour les nouveaux arrivants et les anglophones d\u00e9sirant se perfectionner en fran\u00e7ais afin de faciliter leur int\u00e9gration socioprofessionnelle.<\/p>\n<p><strong>Admissibilit\u00e9<\/strong> : niveau interm\u00e9diaire en fran\u00e7ais ou niveau avanc\u00e9<\/p>\n<p><strong>Dur\u00e9e\u00a0<\/strong>: huit semaines d\u00e9butant en mi-octobre, une fois par semaine, le jour<\/p>\n<p><strong>Date limite d\u2019inscription\u00a0:<\/strong> 25 octobre 2023<\/p>\n<p>Pour informations\u00a0:<br \/>\ninfo@cje-ndg.com<br \/>\n514 482-6665<\/p>\n<p><img loading=\"lazy\" decoding=\"async\" class=\"alignnone size-medium wp-image-6199\" src=\"https:\/\/cje-ndg.com\/wp-content\/uploads\/2023\/09\/Affiche2.rencontres.FR3_-212x300.png\" alt=\"\" width=\"212\" height=\"300\" srcset=\"https:\/\/cje-ndg.com\/wp-content\/uploads\/2023\/09\/Affiche2.rencontres.FR3_-212x300.png 212w, https:\/\/cje-ndg.com\/wp-content\/uploads\/2023\/09\/Affiche2.rencontres.FR3_-724x1024.png 724w, https:\/\/cje-ndg.com\/wp-content\/uploads\/2023\/09\/Affiche2.rencontres.FR3_-768x1086.png 768w, https:\/\/cje-ndg.com\/wp-content\/uploads\/2023\/09\/Affiche2.rencontres.FR3_-1086x1536.png 1086w, https:\/\/cje-ndg.com\/wp-content\/uploads\/2023\/09\/Affiche2.rencontres.FR3_-1448x2048.png 1448w, https:\/\/cje-ndg.com\/wp-content\/uploads\/2023\/09\/Affiche2.rencontres.FR3_-8x12.png 8w, https:\/\/cje-ndg.com\/wp-content\/uploads\/2023\/09\/Affiche2.rencontres.FR3_-480x679.png 480w, https:\/\/cje-ndg.com\/wp-content\/uploads\/2023\/09\/Affiche2.rencontres.FR3_-640x905.png 640w, https:\/\/cje-ndg.com\/wp-content\/uploads\/2023\/09\/Affiche2.rencontres.FR3_-720x1019.png 720w, https:\/\/cje-ndg.com\/wp-content\/uploads\/2023\/09\/Affiche2.rencontres.FR3_-960x1358.png 960w, https:\/\/cje-ndg.com\/wp-content\/uploads\/2023\/09\/Affiche2.rencontres.FR3_-1168x1652.png 1168w, https:\/\/cje-ndg.com\/wp-content\/uploads\/2023\/09\/Affiche2.rencontres.FR3_-1440x2037.png 1440w, https:\/\/cje-ndg.com\/wp-content\/uploads\/2023\/09\/Affiche2.rencontres.FR3_-1320x1867.png 1320w, https:\/\/cje-ndg.com\/wp-content\/uploads\/2023\/09\/Affiche2.rencontres.FR3_.png 1587w\" sizes=\"auto, (max-width: 212px) 100vw, 212px\" \/><\/p>\n","protected":false},"excerpt":{"rendered":"<p>Ateliers de pratique du fran\u00e7ais Rencontres en petit groupe pour les nouveaux arrivants et les anglophones d\u00e9sirant se perfectionner en fran\u00e7ais afin de faciliter leur int\u00e9gration socioprofessionnelle. Admissibilit\u00e9 : niveau [&hellip;]<\/p>\n","protected":false},"author":43,"featured_media":6321,"comment_status":"open","ping_status":"closed","template":"","tags":[],"mec_category":[73],"class_list":["post-6196","mec-events","type-mec-events","status-publish","has-post-thumbnail","hentry","mec_category-evenement"],"acf":[],"meta_box":[],"_links":{"self":[{"href":"https:\/\/cje-ndg.com\/fr\/wp-json\/wp\/v2\/mec-events\/6196","targetHints":{"allow":["GET"]}}],"collection":[{"href":"https:\/\/cje-ndg.com\/fr\/wp-json\/wp\/v2\/mec-events"}],"about":[{"href":"https:\/\/cje-ndg.com\/fr\/wp-json\/wp\/v2\/types\/mec-events"}],"author":[{"embeddable":true,"href":"https:\/\/cje-ndg.com\/fr\/wp-json\/wp\/v2\/users\/43"}],"replies":[{"embeddable":true,"href":"https:\/\/cje-ndg.com\/fr\/wp-json\/wp\/v2\/comments?post=6196"}],"wp:featuredmedia":[{"embeddable":true,"href":"https:\/\/cje-ndg.com\/fr\/wp-json\/wp\/v2\/media\/6321"}],"wp:attachment":[{"href":"https:\/\/cje-ndg.com\/fr\/wp-json\/wp\/v2\/media?parent=6196"}],"wp:term":[{"taxonomy":"post_tag","embeddable":true,"href":"https:\/\/cje-ndg.com\/fr\/wp-json\/wp\/v2\/tags?post=6196"},{"taxonomy":"mec_category","embeddable":true,"href":"https:\/\/cje-ndg.com\/fr\/wp-json\/wp\/v2\/mec_category?post=6196"}],"curies":[{"name":"wp","href":"https:\/\/api.w.org\/{rel}","templated":true}]}}

Je m&#8217;intègre en français

<h4><strong>Ateliers de pratique du français</strong></h4>
<p>Rencontres en petit groupe pour les nouveaux arrivants et les anglophones désirant se perfectionner en français afin de faciliter leur intégration socioprofessionnelle.</p>
<p><strong>Admissibilité</strong> : niveau intermédiaire en français ou niveau avancé</p>
<p><strong>Durée </strong>: huit semaines débutant en mi-octobre, une fois par semaine, le jour</p>
<p><strong>Date limite d’inscription :</strong> 25 octobre 2023</p>
<p>Pour informations :<br />
info@cje-ndg.com<br />
514 482-6665</p>
<p><img loading="lazy" decoding="async" class="alignnone size-medium wp-image-6199" src="https://cje-ndg.com/wp-content/uploads/2023/09/Affiche2.rencontres.FR3_-212x300.png" alt="" width="212" height="300" srcset="https://cje-ndg.com/wp-content/uploads/2023/09/Affiche2.rencontres.FR3_-212x300.png 212w, https://cje-ndg.com/wp-content/uploads/2023/09/Affiche2.rencontres.FR3_-724x1024.png 724w, https://cje-ndg.com/wp-content/uploads/2023/09/Affiche2.rencontres.FR3_-768x1086.png 768w, https://cje-ndg.com/wp-content/uploads/2023/09/Affiche2.rencontres.FR3_-1086x1536.png 1086w, https://cje-ndg.com/wp-content/uploads/2023/09/Affiche2.rencontres.FR3_-1448x2048.png 1448w, https://cje-ndg.com/wp-content/uploads/2023/09/Affiche2.rencontres.FR3_-8x12.png 8w, https://cje-ndg.com/wp-content/uploads/2023/09/Affiche2.rencontres.FR3_-480x679.png 480w, https://cje-ndg.com/wp-content/uploads/2023/09/Affiche2.rencontres.FR3_-640x905.png 640w, https://cje-ndg.com/wp-content/uploads/2023/09/Affiche2.rencontres.FR3_-720x1019.png 720w, https://cje-ndg.com/wp-content/uploads/2023/09/Affiche2.rencontres.FR3_-960x1358.png 960w, https://cje-ndg.com/wp-content/uploads/2023/09/Affiche2.rencontres.FR3_-1168x1652.png 1168w, https://cje-ndg.com/wp-content/uploads/2023/09/Affiche2.rencontres.FR3_-1440x2037.png 1440w, https://cje-ndg.com/wp-content/uploads/2023/09/Affiche2.rencontres.FR3_-1320x1867.png 1320w, https://cje-ndg.com/wp-content/uploads/2023/09/Affiche2.rencontres.FR3_.png 1587w" sizes="auto, (max-width: 212px) 100vw, 212px" /></p>

<p>Ateliers de pratique du français Rencontres en petit groupe pour les nouveaux arrivants et les anglophones désirant se perfectionner en français afin de faciliter leur intégration socioprofessionnelle. Admissibilité : niveau [&hellip;]</p>
